757261 prime?
True
Is 3762511 composite?
True
Is 252084487 composite?
False
Is 173590045 composite?
True
Is 2506799 a prime number?
True
Is 119114 prime?
False
Is 216058901 prime?
True
Is 74255197 composite?
False
Is 10521677 prime?
False
Is 28513297 composite?
False
Is 119658503 a composite number?
False
Is 2665297 a prime number?
False
Is 29568443 composite?
True
Is 46741999 a composite number?
True
Is 5695897 a prime number?
True
Is 1231577 a prime number?
True
Is 106076213 a prime number?
True
Is 1331051 a prime number?
True
Is 19198307 a prime number?
False
Is 3593699 a composite number?
True
Is 3559163 a prime number?
False
Is 70096001 a composite number?
False
Is 78821219 a composite number?
True
Is 19985023 composite?
False
Is 148535861 a prime number?
False
Is 21636143 prime?
True
Is 78497 prime?
True
Is 258337 a composite number?
False
Is 93739067 a composite number?
False
Is 447286627 a composite number?
False
Is 295940927 composite?
False
Is 17846581 prime?
True
Is 78228289 composite?
True
Is 3541073 prime?
True
Is 30928193 a composite number?
False
Is 826477 a prime number?
True
Is 22488821 a prime number?
True
Is 15258343 a prime number?
True
Is 46740977 a prime number?
True
Is 197956558 a prime number?
False
Is 395209 a composite number?
True
Is 10074747 prime?
False
Is 8359649 prime?
False
Is 125803303 a prime number?
True
Is 276641 composite?
True
Is 5729281 a composite number?
True
Is 477931 a prime number?
False
Is 12177973 prime?
True
Is 475582751 a prime number?
False
Is 4126261 a composite number?
False
Is 736196831 prime?
True
Is 10332457 a composite number?
True
Is 2012279 prime?
False
Is 7564229 composite?
False
Is 68392097 prime?
False
Is 107977071 a prime number?
False
Is 1752961111 prime?
False
Is 513481161 a prime number?
False
Is 77839519 a composite number?
False
Is 158109799 a composite number?
False
Is 460463 a composite number?
False
Is 220598453 a composite number?
False
Is 3485063 a composite number?
True
Is 13572661 composite?
False
Is 9229789 composite?
False
Is 953383 composite?
True
Is 62433313 prime?
True
Is 823647842 composite?
True
Is 811329 a composite number?
True
Is 1468452473 prime?
False
Is 70638283 a composite number?
False
Is 52777481 a composite number?
False
Is 988606147 prime?
True
Is 11763319 a prime number?
False
Is 99459151 composite?
True
Is 4452709 a composite number?
True
Is 549557 a prime number?
False
Is 33216251 a prime number?
True
Is 1111211 a prime number?
True
Is 57243955 a prime number?
False
Is 1832891 composite?
True
Is 4882538 a composite number?
True
Is 45155833 a composite number?
False
Is 113011229 a composite number?
True
Is 14212031 a prime number?
True
Is 102095821 a prime number?
True
Is 8841167 prime?
True
Is 471518807 a composite number?
False
Is 324740219 a prime number?
True
Is 60322561 a prime number?
False
Is 68293 prime?
False
Is 55998283 a prime number?
False
Is 27783997 a composite number?
False
Is 36347987 a prime number?
False
Is 1600567 composite?
True
Is 48043291 prime?
False
Is 35311111 prime?
False
Is 240956159 a prime number?
True
Is 23716893 a prime number?
False
Is 2950723 composite?
True
Is 43411309 a prime number?
False
Is 475880737 a composite number?
True
Is 308130929 a composite number?
False
Is 13059817 prime?
True
Is 1159033 a composite number?
True
Is 66435217 prime?
True
Is 125369 a prime number?
False
Is 126901597 a prime number?
True
Is 70833553 prime?
False
Is 9059 prime?
True
Is 9473426 prime?
False
Is 25122527 a composite number?
False
Is 177528129 a composite number?
True
Is 58018033 prime?
False
Is 311629211 composite?
False
Is 213158599 a prime number?
False
Is 91849171 composite?
False
Is 1070803 composite?
False
Is 192737 a prime number?
True
Is 23966273 prime?
False
Is 713511133 a composite number?
True
Is 273584767 a composite number?
False
Is 1537099 composite?
False
Is 51726781 a composite number?
True
Is 109119671 a composite number?
False
Is 23416879 composite?
True
Is 5388041 prime?
True
Is 2748023 prime?
False
Is 25609 a prime number?
True
Is 16245223 composite?
False
Is 63804259 composite?
False
Is 17234009 a prime number?
False
Is 5184941 prime?
False
Is 20614613 a prime number?
False
Is 10550933 prime?
False
Is 109314319 a composite number?
True
Is 109495933 a composite number?
True
Is 1210499 a prime number?
True
Is 1399999 a composite number?
False
Is 281627 prime?
True
Is 401885461 prime?
True
Is 6497207 a prime number?
False
Is 34402297 a prime number?
True
Is 115080919 composite?
True
Is 16037585 a prime number?
False
Is 15327383 prime?
True
Is 4752157 composite?
False
Is 98735569 composite?
False
Is 128762833 a composite number?
True
Is 86888069 a prime number?
False
Is 251987 a prime number?
False
Is 4471349 prime?
True
Is 58123939 prime?
True
Is 1082699 composite?
False
Is 27163349 composite?
False
Is 7192669 a composite number?
True
Is 23685677 composite?
False
Is 2170307 prime?
True
Is 80143487 composite?
False
Is 28247294 prime?
False
Is 4021609 prime?
False
Is 26850427 a composite number?
True
Is 48660163 prime?
False
Is 21031867 prime?
False
Is 91242469 composite?
True
Is 5525981 prime?
True
Is 13312961 composite?
True
Is 6033395 composite?
True
Is 60623869 a prime number?
True
Is 11236133 a prime number?
False
Is 229289801 a prime number?
False
Is 35840053 prime?
False
Is 52030871 prime?
False
Is 68569793 prime?
True
Is 8690083 a prime number?
False
Is 64692305 a prime number?
False
Is 1007389 composite?
True
Is 1523549 a composite number?
True
Is 41997797 prime?
False
Is 395552783 a prime number?
True
Is 54178901 a composite number?
True
Is 13078777 prime?
False
Is 391835 prime?
False
Is 156319 prime?
True
Is 94079417 composite?
True
Is 10697605 a prime number?
False
Is 21878401 a prime number?
True
Is 3949567 composite?
True
Is 8707579 a prime number?
True
Is 43959077 composite?
False
Is 82955567 composite?
True
Is 66014161 a prime number?
True
Is 10911 a prime number?
False
Is 6690469 composite?
True
Is 54782801 a prime number?
True
Is 2702273 a prime number?
False
Is 150364394 a composite number?
True
Is 3574721 a composite number?
False
Is 38133317 a composite number?
True
Is 43599817 a composite number?
True
Is 257169287 composite?
False
Is 455131841 a prime number?
False
Is 3359141 prime?
False
Is 2156593 prime?
False
Is 66807547 composite?
False
Is 28549927 prime?
False
Is 698969 a composite number?
True
Is 399290249 composite?
True
Is 65571059 prime?
False
Is 4284167 composite?
True
Is 10835053 composite?
False
Is 3013089 composite?
True
Is 28620209 prime?
True
Is 255121237 prime?
False
Is 4790551 a prime number?
True
Is 8890223 composite?
False
Is 132775673 prime?
True
Is 8162653 composite?
False
Is 351954557 composite?
False
Is 3674954 a composite number?
True
Is 1453369 composite?
False
Is 18145471 prime?
True
Is 9718913 a composite number?
False
Is 141804181 a prime number?
True
Is 118957057 a prime number?
True
Is 166541 a composite number?
False
Is 91425935 prime?
False
Is 218108669 a prime number?
True
Is 44931071 a prime number?
False
Is 1085129 a prime number?
False
Is 1191719 composite?
False
Is 22696967 a prime number?
True
Is 1945117 a composite number?
True
Is 3433767 a prime number?
False
Is 1377533 prime?
True
Is 1833803 a prime number?
True
Is 254737723 a composite number?
True
Is 2449159 prime?
True
Is 4562917 prime?
True
Is 1409773 prime?
True
Is 2005739 prime?
True
Is 20051 composite?
False
Is 18088267 a composite number?
False
Is 38648867 prime?
False
Is 16804669 a composite number?
True
Is 48551123 prime?
True
Is 463622537 prime?
False
Is 43905023 a composite number?
True
Is 244913 a composite number?
True
Is 986213 a prime number?
True
Is 4446763 a composite number?
False
Is 187981 composite?
True
Is 7285573 composite?
True
Is 286617061 prime?
False
Is 764711 composite?
True
Is 71029929 prime?
False
Is 5061031 a composite number?
False
Is 14539037 composite?
True
Is 2290839 a composite number?
True
Is 8423983 a composite number?
True
Is 3552071 a composite number?
False
Is 318640169 prime?
True
Is 34544693 prime?
True
Is 20418649 a composite number?
True
Is 493724317 a composite number?
False
Is 3738311 a prime number?
True
Is 39627851 a composite number?
True
Is 5868241 